{"id":976,"date":"2023-04-24T08:52:48","date_gmt":"2023-04-24T06:52:48","guid":{"rendered":"https:\/\/24may.org\/?page_id=976"},"modified":"2026-03-19T20:34:55","modified_gmt":"2026-03-19T19:34:55","slug":"moderator-joelle-payom","status":"publish","type":"page","link":"https:\/\/24may.org\/en\/moderator-joelle-payom\/","title":{"rendered":"Moderator | Jo\u00eblle Payom"},"content":{"rendered":"<p>[et_pb_section fb_built=&#8221;1&#8243; disabled_on=&#8221;on|on|on&#8221; _builder_version=&#8221;4.19.2&#8243; _module_preset=&#8221;default&#8221; background_color=&#8221;#df8244&#8243; custom_padding=&#8221;1px||3px|||&#8221; saved_tabs=&#8221;all&#8221; global_colors_info=&#8221;{}&#8221;][et_pb_row _builder_version=&#8221;4.19.2&#8243; _module_preset=&#8221;default&#8221; custom_padding=&#8221;12px||9px|||&#8221; global_colors_info=&#8221;{}&#8221;][et_pb_column type=&#8221;4_4&#8243; _builder_version=&#8221;4.19.2&#8243; _module_preset=&#8221;default&#8221; global_colors_info=&#8221;{}&#8221;][\/et_pb_column][\/et_pb_row][\/et_pb_section][et_pb_section fb_built=&#8221;1&#8243; _builder_version=&#8221;4.19.2&#8243; _module_preset=&#8221;default&#8221; global_colors_info=&#8221;{}&#8221;][et_pb_row column_structure=&#8221;2_5,3_5&#8243; _builder_version=&#8221;4.20.2&#8243; _module_preset=&#8221;default&#8221; global_colors_info=&#8221;{}&#8221;][et_pb_column type=&#8221;2_5&#8243; _builder_version=&#8221;4.20.2&#8243; _module_preset=&#8221;default&#8221; global_colors_info=&#8221;{}&#8221;][et_pb_image src=&#8221;https:\/\/24may.org\/en\/wp-content\/uploads\/sites\/4\/2023\/01\/joelle_rezalliance_24may_fondatrice.jpg&#8221; title_text=&#8221;joelle_rezalliance_24may_fondatrice&#8221; align=&#8221;center&#8221; _builder_version=&#8221;4.20.2&#8243; _module_preset=&#8221;default&#8221; width=&#8221;80%&#8221; global_colors_info=&#8221;{}&#8221;][\/et_pb_image][\/et_pb_column][et_pb_column type=&#8221;3_5&#8243; _builder_version=&#8221;4.20.2&#8243; _module_preset=&#8221;default&#8221; global_colors_info=&#8221;{}&#8221;][et_pb_text _builder_version=&#8221;4.24.0&#8243; _module_preset=&#8221;default&#8221; text_font_size=&#8221;12px&#8221; header_font_size=&#8221;25px&#8221; custom_margin=&#8221;0px||0px||false|false&#8221; global_colors_info=&#8221;{}&#8221;]<\/p>\n<h1 style=\"text-align: left;\"><strong>Jo\u00eblle Payom<\/strong><\/h1>\n<p>Initiator of the International Day Against harassment and for Inclusion in the world of work #24May<\/p>\n<p>[\/et_pb_text][et_pb_text _builder_version=&#8221;4.24.0&#8243; _module_preset=&#8221;default&#8221; text_font=&#8221;Poppins|300|||||||&#8221; text_font_size=&#8221;13px&#8221; custom_margin=&#8221;10px||||false|false&#8221; global_colors_info=&#8221;{}&#8221;]<\/p>\n<p class=\"font-claude-response-body break-words whitespace-normal leading-[1.7]\"><strong>Jo\u00eblle Payom<\/strong> is a consultant, trainer, and external trusted contact for organisations. An expert in the prevention of workplace harassment and discrimination and in crisis management, she helps organisations and individuals identify early warning signs, prevent harm, and take action to better protect themselves.<\/p>\n<p class=\"font-claude-response-body break-words whitespace-normal leading-[1.7]\">After more than 15 years serving matrix organizations across various sectors, she founded <a href=\"www.rezalliance.com\"><strong>Rezalliance<\/strong> <\/a>in 2020 \u2014 a Geneva-based non-profit dedicated to raising awareness of harassment and discrimination in all their forms. Rezalliance promotes a constructive, pragmatic, and cross-functional approach to strengthening inclusion and protecting the integrity of every individual at work, regardless of their visible or invisible differences. It brings together a multidisciplinary network of experts to provide systemic solutions to a systemic problem.<\/p>\n<p class=\"font-claude-response-body break-words whitespace-normal leading-[1.7]\">In 2022, Rezalliance launched the <em><strong>International Day Against Harassment and for Inclusion in the World of Work #24May<\/strong><\/em><\/p>\n<p class=\"font-claude-response-body break-words whitespace-normal leading-[1.7]\">Jo\u00eblle holds a bachelor&#8217;s degree in foreign languages, a master&#8217;s in trade and negotiation, a master&#8217;s in international procurement, and a leadership certification from INSEAD. She is also a lecturer at the University of Geneva on harassment, discrimination, diversity and inclusion, a columnist for the daily newspaper <em>Le Temps<\/em> on workplace and equity issues, and a member of the Advisory Commission on Gender Equality of the Canton of Geneva.<\/p>\n<p class=\"font-claude-response-body break-words whitespace-normal leading-[1.7]\"><em>Learn more: <a href=\"https:\/\/joellepayom.com\/en\/\">https:\/\/joellepayom.com\/en\/<\/a><\/em><\/p>\n<p class=\"font-claude-response-body break-words whitespace-normal leading-[1.7]\"><strong>Why did she launch this international day?<\/strong><\/p>\n<p class=\"font-claude-response-body break-words whitespace-normal leading-[1.7]\"><em>The various forms of harassment and discrimination cause profound trauma at the individual, organisational, and societal levels. It is essential to act on all fronts \u2014 preventing cases, supporting victims, and strengthening organisational governance. This is how we protect both the integrity of individuals and the reputation of the organisations that employ them.<\/em><\/p>\n<p class=\"font-claude-response-body break-words whitespace-normal leading-[1.7]\"><em><\/em><\/p>\n<p>[\/et_pb_text][et_pb_button button_url=&#8221;https:\/\/24may.org\/en\/geneva-2026\/&#8221; button_text=&#8221;Back to program&#8221; button_alignment=&#8221;left&#8221; _builder_version=&#8221;4.24.0&#8243; _module_preset=&#8221;default&#8221; custom_button=&#8221;on&#8221; button_text_size=&#8221;12px&#8221; button_border_width=&#8221;3px&#8221; button_font=&#8221;|800|||||||&#8221; global_colors_info=&#8221;{}&#8221;][\/et_pb_button][\/et_pb_column][\/et_pb_row][\/et_pb_section]<\/p>\n","protected":false},"excerpt":{"rendered":"<p>Jo\u00eblle Payom Initiator of the International Day Against harassment and for Inclusion in the world of work #24MayJo\u00eblle Payom is a consultant, trainer, and external trusted contact for organisations. An expert in the prevention of workplace harassment and discrimination and in crisis management, she helps organisations and individuals identify early warning signs, prevent harm, and [&hellip;]<\/p>\n","protected":false},"author":2,"featured_media":0,"parent":0,"menu_order":0,"comment_status":"closed","ping_status":"closed","template":"","meta":{"_et_pb_use_builder":"on","_et_pb_old_content":"<!-- wp:divi\/placeholder \/-->","_et_gb_content_width":"","_crdt_document":"","footnotes":""},"class_list":["post-976","page","type-page","status-publish","hentry"],"yoast_head":"<!-- This site is optimized with the Yoast SEO plugin v27.5 - https:\/\/yoast.com\/product\/yoast-seo-wordpress\/ -->\n<title>Moderator | Jo\u00eblle Payom - 24 May - EN<\/title>\n<meta name=\"robots\" content=\"index, follow, max-snippet:-1, max-image-preview:large, max-video-preview:-1\" \/>\n<link rel=\"canonical\" href=\"https:\/\/24may.org\/en\/moderator-joelle-payom\/\" \/>\n<meta property=\"og:locale\" content=\"en_GB\" \/>\n<meta property=\"og:type\" content=\"article\" \/>\n<meta property=\"og:title\" content=\"Moderator | Jo\u00eblle Payom - 24 May - EN\" \/>\n<meta property=\"og:description\" content=\"Jo\u00eblle Payom Initiator of the International Day Against harassment and for Inclusion in the world of work #24MayJo\u00eblle Payom is a consultant, trainer, and external trusted contact for organisations. An expert in the prevention of workplace harassment and discrimination and in crisis management, she helps organisations and individuals identify early warning signs, prevent harm, and [&hellip;]\" \/>\n<meta property=\"og:url\" content=\"https:\/\/24may.org\/en\/moderator-joelle-payom\/\" \/>\n<meta property=\"og:site_name\" content=\"24 May - EN\" \/>\n<meta property=\"article:modified_time\" content=\"2026-03-19T19:34:55+00:00\" \/>\n<meta name=\"twitter:card\" content=\"summary_large_image\" \/>\n<meta name=\"twitter:label1\" content=\"Estimated reading time\" \/>\n\t<meta name=\"twitter:data1\" content=\"3 minutes\" \/>\n<script type=\"application\/ld+json\" class=\"yoast-schema-graph\">{\"@context\":\"https:\\\/\\\/schema.org\",\"@graph\":[{\"@type\":\"WebPage\",\"@id\":\"https:\\\/\\\/24may.org\\\/en\\\/moderator-joelle-payom\\\/\",\"url\":\"https:\\\/\\\/24may.org\\\/en\\\/moderator-joelle-payom\\\/\",\"name\":\"Moderator | Jo\u00eblle Payom - 24 May - EN\",\"isPartOf\":{\"@id\":\"https:\\\/\\\/24may.org\\\/en\\\/#website\"},\"datePublished\":\"2023-04-24T06:52:48+00:00\",\"dateModified\":\"2026-03-19T19:34:55+00:00\",\"breadcrumb\":{\"@id\":\"https:\\\/\\\/24may.org\\\/en\\\/moderator-joelle-payom\\\/#breadcrumb\"},\"inLanguage\":\"en-GB\",\"potentialAction\":[{\"@type\":\"ReadAction\",\"target\":[\"https:\\\/\\\/24may.org\\\/en\\\/moderator-joelle-payom\\\/\"]}]},{\"@type\":\"BreadcrumbList\",\"@id\":\"https:\\\/\\\/24may.org\\\/en\\\/moderator-joelle-payom\\\/#breadcrumb\",\"itemListElement\":[{\"@type\":\"ListItem\",\"position\":1,\"name\":\"Accueil\",\"item\":\"https:\\\/\\\/24may.org\\\/en\\\/\"},{\"@type\":\"ListItem\",\"position\":2,\"name\":\"Moderator | Jo\u00eblle Payom\"}]},{\"@type\":\"WebSite\",\"@id\":\"https:\\\/\\\/24may.org\\\/en\\\/#website\",\"url\":\"https:\\\/\\\/24may.org\\\/en\\\/\",\"name\":\"24 May - EN\",\"description\":\"\",\"potentialAction\":[{\"@type\":\"SearchAction\",\"target\":{\"@type\":\"EntryPoint\",\"urlTemplate\":\"https:\\\/\\\/24may.org\\\/en\\\/?s={search_term_string}\"},\"query-input\":{\"@type\":\"PropertyValueSpecification\",\"valueRequired\":true,\"valueName\":\"search_term_string\"}}],\"inLanguage\":\"en-GB\"}]}<\/script>\n<!-- \/ Yoast SEO plugin. -->","yoast_head_json":{"title":"Moderator | Jo\u00eblle Payom - 24 May - EN","robots":{"index":"index","follow":"follow","max-snippet":"max-snippet:-1","max-image-preview":"max-image-preview:large","max-video-preview":"max-video-preview:-1"},"canonical":"https:\/\/24may.org\/en\/moderator-joelle-payom\/","og_locale":"en_GB","og_type":"article","og_title":"Moderator | Jo\u00eblle Payom - 24 May - EN","og_description":"Jo\u00eblle Payom Initiator of the International Day Against harassment and for Inclusion in the world of work #24MayJo\u00eblle Payom is a consultant, trainer, and external trusted contact for organisations. An expert in the prevention of workplace harassment and discrimination and in crisis management, she helps organisations and individuals identify early warning signs, prevent harm, and [&hellip;]","og_url":"https:\/\/24may.org\/en\/moderator-joelle-payom\/","og_site_name":"24 May - EN","article_modified_time":"2026-03-19T19:34:55+00:00","twitter_card":"summary_large_image","twitter_misc":{"Estimated reading time":"3 minutes"},"schema":{"@context":"https:\/\/schema.org","@graph":[{"@type":"WebPage","@id":"https:\/\/24may.org\/en\/moderator-joelle-payom\/","url":"https:\/\/24may.org\/en\/moderator-joelle-payom\/","name":"Moderator | Jo\u00eblle Payom - 24 May - EN","isPartOf":{"@id":"https:\/\/24may.org\/en\/#website"},"datePublished":"2023-04-24T06:52:48+00:00","dateModified":"2026-03-19T19:34:55+00:00","breadcrumb":{"@id":"https:\/\/24may.org\/en\/moderator-joelle-payom\/#breadcrumb"},"inLanguage":"en-GB","potentialAction":[{"@type":"ReadAction","target":["https:\/\/24may.org\/en\/moderator-joelle-payom\/"]}]},{"@type":"BreadcrumbList","@id":"https:\/\/24may.org\/en\/moderator-joelle-payom\/#breadcrumb","itemListElement":[{"@type":"ListItem","position":1,"name":"Accueil","item":"https:\/\/24may.org\/en\/"},{"@type":"ListItem","position":2,"name":"Moderator | Jo\u00eblle Payom"}]},{"@type":"WebSite","@id":"https:\/\/24may.org\/en\/#website","url":"https:\/\/24may.org\/en\/","name":"24 May - EN","description":"","potentialAction":[{"@type":"SearchAction","target":{"@type":"EntryPoint","urlTemplate":"https:\/\/24may.org\/en\/?s={search_term_string}"},"query-input":{"@type":"PropertyValueSpecification","valueRequired":true,"valueName":"search_term_string"}}],"inLanguage":"en-GB"}]}},"_links":{"self":[{"href":"https:\/\/24may.org\/en\/wp-json\/wp\/v2\/pages\/976","targetHints":{"allow":["GET"]}}],"collection":[{"href":"https:\/\/24may.org\/en\/wp-json\/wp\/v2\/pages"}],"about":[{"href":"https:\/\/24may.org\/en\/wp-json\/wp\/v2\/types\/page"}],"author":[{"embeddable":true,"href":"https:\/\/24may.org\/en\/wp-json\/wp\/v2\/users\/2"}],"replies":[{"embeddable":true,"href":"https:\/\/24may.org\/en\/wp-json\/wp\/v2\/comments?post=976"}],"version-history":[{"count":4,"href":"https:\/\/24may.org\/en\/wp-json\/wp\/v2\/pages\/976\/revisions"}],"predecessor-version":[{"id":2984,"href":"https:\/\/24may.org\/en\/wp-json\/wp\/v2\/pages\/976\/revisions\/2984"}],"wp:attachment":[{"href":"https:\/\/24may.org\/en\/wp-json\/wp\/v2\/media?parent=976"}],"curies":[{"name":"wp","href":"https:\/\/api.w.org\/{rel}","templated":true}]}}

Moderator | Joëlle Payom

<p>[et_pb_section fb_built=&#8221;1&#8243; disabled_on=&#8221;on|on|on&#8221; _builder_version=&#8221;4.19.2&#8243; _module_preset=&#8221;default&#8221; background_color=&#8221;#df8244&#8243; custom_padding=&#8221;1px||3px|||&#8221; saved_tabs=&#8221;all&#8221; global_colors_info=&#8221;{}&#8221;][et_pb_row _builder_version=&#8221;4.19.2&#8243; _module_preset=&#8221;default&#8221; custom_padding=&#8221;12px||9px|||&#8221; global_colors_info=&#8221;{}&#8221;][et_pb_column type=&#8221;4_4&#8243; _builder_version=&#8221;4.19.2&#8243; _module_preset=&#8221;default&#8221; global_colors_info=&#8221;{}&#8221;][/et_pb_column][/et_pb_row][/et_pb_section][et_pb_section fb_built=&#8221;1&#8243; _builder_version=&#8221;4.19.2&#8243; _module_preset=&#8221;default&#8221; global_colors_info=&#8221;{}&#8221;][et_pb_row column_structure=&#8221;2_5,3_5&#8243; _builder_version=&#8221;4.20.2&#8243; _module_preset=&#8221;default&#8221; global_colors_info=&#8221;{}&#8221;][et_pb_column type=&#8221;2_5&#8243; _builder_version=&#8221;4.20.2&#8243; _module_preset=&#8221;default&#8221; global_colors_info=&#8221;{}&#8221;][et_pb_image src=&#8221;https://24may.org/en/wp-content/uploads/sites/4/2023/01/joelle_rezalliance_24may_fondatrice.jpg&#8221; title_text=&#8221;joelle_rezalliance_24may_fondatrice&#8221; align=&#8221;center&#8221; _builder_version=&#8221;4.20.2&#8243; _module_preset=&#8221;default&#8221; width=&#8221;80%&#8221; global_colors_info=&#8221;{}&#8221;][/et_pb_image][/et_pb_column][et_pb_column type=&#8221;3_5&#8243; _builder_version=&#8221;4.20.2&#8243; _module_preset=&#8221;default&#8221; global_colors_info=&#8221;{}&#8221;][et_pb_text _builder_version=&#8221;4.24.0&#8243; _module_preset=&#8221;default&#8221; text_font_size=&#8221;12px&#8221; header_font_size=&#8221;25px&#8221; custom_margin=&#8221;0px||0px||false|false&#8221; global_colors_info=&#8221;{}&#8221;]</p>
<h1 style="text-align: left;"><strong>Joëlle Payom</strong></h1>
<p>Initiator of the International Day Against harassment and for Inclusion in the world of work #24May</p>
<p>[/et_pb_text][et_pb_text _builder_version=&#8221;4.24.0&#8243; _module_preset=&#8221;default&#8221; text_font=&#8221;Poppins|300|||||||&#8221; text_font_size=&#8221;13px&#8221; custom_margin=&#8221;10px||||false|false&#8221; global_colors_info=&#8221;{}&#8221;]</p>
<p class="font-claude-response-body break-words whitespace-normal leading-[1.7]"><strong>Joëlle Payom</strong> is a consultant, trainer, and external trusted contact for organisations. An expert in the prevention of workplace harassment and discrimination and in crisis management, she helps organisations and individuals identify early warning signs, prevent harm, and take action to better protect themselves.</p>
<p class="font-claude-response-body break-words whitespace-normal leading-[1.7]">After more than 15 years serving matrix organizations across various sectors, she founded <a href="www.rezalliance.com"><strong>Rezalliance</strong> </a>in 2020 — a Geneva-based non-profit dedicated to raising awareness of harassment and discrimination in all their forms. Rezalliance promotes a constructive, pragmatic, and cross-functional approach to strengthening inclusion and protecting the integrity of every individual at work, regardless of their visible or invisible differences. It brings together a multidisciplinary network of experts to provide systemic solutions to a systemic problem.</p>
<p class="font-claude-response-body break-words whitespace-normal leading-[1.7]">In 2022, Rezalliance launched the <em><strong>International Day Against Harassment and for Inclusion in the World of Work #24May</strong></em></p>
<p class="font-claude-response-body break-words whitespace-normal leading-[1.7]">Joëlle holds a bachelor&#8217;s degree in foreign languages, a master&#8217;s in trade and negotiation, a master&#8217;s in international procurement, and a leadership certification from INSEAD. She is also a lecturer at the University of Geneva on harassment, discrimination, diversity and inclusion, a columnist for the daily newspaper <em>Le Temps</em> on workplace and equity issues, and a member of the Advisory Commission on Gender Equality of the Canton of Geneva.</p>
<p class="font-claude-response-body break-words whitespace-normal leading-[1.7]"><em>Learn more: <a href="https://joellepayom.com/en/">https://joellepayom.com/en/</a></em></p>
<p class="font-claude-response-body break-words whitespace-normal leading-[1.7]"><strong>Why did she launch this international day?</strong></p>
<p class="font-claude-response-body break-words whitespace-normal leading-[1.7]"><em>The various forms of harassment and discrimination cause profound trauma at the individual, organisational, and societal levels. It is essential to act on all fronts — preventing cases, supporting victims, and strengthening organisational governance. This is how we protect both the integrity of individuals and the reputation of the organisations that employ them.</em></p>
<p class="font-claude-response-body break-words whitespace-normal leading-[1.7]"><em></em></p>
<p>[/et_pb_text][et_pb_button button_url=&#8221;https://24may.org/en/geneva-2026/&#8221; button_text=&#8221;Back to program&#8221; button_alignment=&#8221;left&#8221; _builder_version=&#8221;4.24.0&#8243; _module_preset=&#8221;default&#8221; custom_button=&#8221;on&#8221; button_text_size=&#8221;12px&#8221; button_border_width=&#8221;3px&#8221; button_font=&#8221;|800|||||||&#8221; global_colors_info=&#8221;{}&#8221;][/et_pb_button][/et_pb_column][/et_pb_row][/et_pb_section]</p>

<p>Joëlle Payom Initiator of the International Day Against harassment and for Inclusion in the world of work #24MayJoëlle Payom is a consultant, trainer, and external trusted contact for organisations. An expert in the prevention of workplace harassment and discrimination and in crisis management, she helps organisations and individuals identify early warning signs, prevent harm, and [&hellip;]</p>

<!-- This site is optimized with the Yoast SEO plugin v27.5 - https://yoast.com/product/yoast-seo-wordpress/ -->
<title>Moderator | Joëlle Payom - 24 May - EN</title>
<meta name="robots" content="index, follow, max-snippet:-1, max-image-preview:large, max-video-preview:-1" />
<link rel="canonical" href="https://24may.org/en/moderator-joelle-payom/" />
<meta property="og:locale" content="en_GB" />
<meta property="og:type" content="article" />
<meta property="og:title" content="Moderator | Joëlle Payom - 24 May - EN" />
<meta property="og:description" content="Joëlle Payom Initiator of the International Day Against harassment and for Inclusion in the world of work #24MayJoëlle Payom is a consultant, trainer, and external trusted contact for organisations. An expert in the prevention of workplace harassment and discrimination and in crisis management, she helps organisations and individuals identify early warning signs, prevent harm, and [&hellip;]" />
<meta property="og:url" content="https://24may.org/en/moderator-joelle-payom/" />
<meta property="og:site_name" content="24 May - EN" />
<meta property="article:modified_time" content="2026-03-19T19:34:55+00:00" />
<meta name="twitter:card" content="summary_large_image" />
<meta name="twitter:label1" content="Estimated reading time" />
	<meta name="twitter:data1" content="3 minutes" />
<script type="application/ld+json" class="yoast-schema-graph">{"@context":"https:\/\/schema.org","@graph":[{"@type":"WebPage","@id":"https:\/\/24may.org\/en\/moderator-joelle-payom\/","url":"https:\/\/24may.org\/en\/moderator-joelle-payom\/","name":"Moderator | Joëlle Payom - 24 May - EN","isPartOf":{"@id":"https:\/\/24may.org\/en\/#website"},"datePublished":"2023-04-24T06:52:48+00:00","dateModified":"2026-03-19T19:34:55+00:00","breadcrumb":{"@id":"https:\/\/24may.org\/en\/moderator-joelle-payom\/#breadcrumb"},"inLanguage":"en-GB","potentialAction":[{"@type":"ReadAction","target":["https:\/\/24may.org\/en\/moderator-joelle-payom\/"]}]},{"@type":"BreadcrumbList","@id":"https:\/\/24may.org\/en\/moderator-joelle-payom\/#breadcrumb","itemListElement":[{"@type":"ListItem","position":1,"name":"Accueil","item":"https:\/\/24may.org\/en\/"},{"@type":"ListItem","position":2,"name":"Moderator | Joëlle Payom"}]},{"@type":"WebSite","@id":"https:\/\/24may.org\/en\/#website","url":"https:\/\/24may.org\/en\/","name":"24 May - EN","description":"","potentialAction":[{"@type":"SearchAction","target":{"@type":"EntryPoint","urlTemplate":"https:\/\/24may.org\/en\/?s={search_term_string}"},"query-input":{"@type":"PropertyValueSpecification","valueRequired":true,"valueName":"search_term_string"}}],"inLanguage":"en-GB"}]}</script>
<!-- / Yoast SEO plugin. -->

Moderator | Joëlle Payom - 24 May - EN

Joëlle Payom Initiator of the International Day Against harassment and for Inclusion in the world of work #24MayJoëlle Payom is a consultant, trainer, and external trusted contact for organisations. An expert in the prevention of workplace harassment and discrimination and in crisis management, she helps organisations and individuals identify early warning signs, prevent harm, and [&hellip;]
